 prime factors of b(a).
2
Suppose -2*l + 7*l = 340. What are the prime factors of l?
2, 17
Let v = -195 - -318. List the prime factors of v.
3, 41
Suppose 2*k - 5*k - 2*z = -208, -2*z - 188 = -3*k. What are the prime factors of k?
2, 3, 11
Let m be 16/(-2) + (1 - -1). What are the prime factors of -2*1/m*21?
7
Suppose 52*o - 241 = 51*o. What are the prime factors of o?
241
Suppose x - 6 = -2. Let q(h) = 5*h - 1. List the prime factors of q(x).
19
Let d = 551 - 381. Suppose -d = -4*h + 78. List the prime factors of h.
2, 31
List the prime factors of ((-174)/8)/((-2)/(392/21)).
7, 29
Suppose 15 + 15 = 5*r. Let o = -37 - -37. Suppose o = u + 2 - r. What are the prime factors of u?
2
Suppose -4*m + 68 = -0*m. What are the prime factors of m?
17
Suppose 18 = 4*v - 2*k, 14 = 5*v + k + 2. Let b = 5 - v. Suppose 5*h = b*h + 21. List the prime factors of h.
7
Suppose -280 = -2*g + 7*s - 2*s, 746 = 5*g - s. List the prime factors of g.
2, 3, 5
Suppose 8*a = 5*a + 186. List the prime factors of a.
2, 31
Let i be (-2)/8 - (-1)/4. Suppose 3*g - 2*t - 28 = -0*t, g - 3*t = i. What are the prime factors of g?
2, 3
Let q(c) = 85*c**2 - c - 1. What are the prime factors of q(-1)?
5, 17
List the prime factors of 63 - (-1)/(5/20).
67
Let i(u) = -u**3 - 3*u**2 - 3*u - 4. Let w be i(-3). Suppose 0 = -w*l + 21 + 4. Suppose -l*d - 49 = -4*z, -2 = -3*z + z - 2*d. List the prime factors of z.
2, 3
List the prime factors of (11176/(-18))/(-4) - 2/9.
5, 31
Let m be ((1 + -1)*1)/(-2). Let a be 0 + 10*(-2)/(-4). Suppose a*o + m*o = 20. What are the prime factors of o?
2
Suppose -t + 2*o = -0*t - 237, 4*o + 247 = t. Suppose 5*n - i = 260, -3*i = n + 3*n - t. List the prime factors of n.
53
Let r(n) = n**3 - 8*n**2 - 7*n + 4. Suppose -3*m + 3*g = -21, -4*g = 5*m - 0*g - 53. List the prime factors of r(m).
2, 11
Let k(h) = -7*h - 38. Let u(m) = -6*m - 38. Let q(z) = 5*k(z) - 6*u(z). Let o be q(0). What are the prime factors of 2/3 + o/6?
7
Let u = -30 + 52. What are the prime factors of u?
2, 11
Suppose -2*q = 0, 5*d = q - 1 - 14. List the prime factors of 17 - (d/(-1) - 2).
2
Suppose -2*f - 16 = d, -f - 2 = 2*d + 15. Let m = d + 12. What are the prime factors of m?
2, 3
Suppose 48 = -11*h + 14*h. List the prime factors of h.
2
Let n = 1 - 1. Let y(x) = -x**2 + 18*x - 14. Let d be y(17). Suppose -7*u + d*u + 68 = n. List the prime factors of u.
17
Suppose 3*c - 33 = 48. Let l(y) = -2*y**3 + y - 1. Let j be l(1). List the prime factors of c/2 - j/4.
2, 7
Suppose 0*w + 2*w + 8 = 0, 17 = -3*c + w. Let h = c - -4. List the prime factors of (-259)/(-21) + 1/h.
2, 3
Suppose 22 + 48 = 3*m + 4*w, 2*m + 2*w = 48. List the prime factors of m.
2, 13
Let w = 34 - 23. Suppose -14*f = -w*f - 78. What are the prime factors of f?
2, 13
Suppose 0 = 2*k - 55 - 29. List the prime factors of k.
2, 3, 7
Let s = 74 - 33. What are the prime factors of s?
41
Let j be (4/8 + -3)*-2. Suppose -90 = -4*t - 2*s, t + j*s = 2*s + 20. What are the prime factors of t?
23
Suppose -2*l - 2*b = -34, -2*b + 0*b + 72 = 4*l. What are the prime factors of (-2)/6 + l/3?
2, 3
Let u(z) = z + 5. Suppose -3*k + 7 - 1 = 0. Let b be 0/(-2 - (-2)/k). List the prime factors of u(b).
5
Suppose -2*v = 3*w - 24, 5*v = v - 3*w + 42. Suppose -d + 3*p = -p - 3, -v = -3*d + 2*p. List the prime factors of d.
3
Suppose 7*c - 144 = 4*c. What are the prime factors of c?
2, 3
List the prime factors of 11 + 5 + 0 + -2.
2, 7
Let t(b) = 4*b - 5 + 0*b - 3*b. List the prime factors of t(9).
2
Suppose -2*m + 20 = -5*y, 0*y - 2*y = -5*m + 29. Let t = -2 + m. List the prime factors of t.
3
Suppose 0 = 2*n + 6 - 14. Suppose -n*j + 7 = -61. List the prime factors of j.
17
Let k = -22 + 45. Suppose 4*j - 1 - 48 = -d, -k = -2*j - d. What are the prime factors of j?
13
List the prime factors of -1*(-5)/(5/82).
2, 41
Let s = 34 - 19. What are the prime factors of s?
3, 5
Let y = -48 - -68. What are the prime factors of y?
2, 5
Let i(m) = m**2 + 7*m + 9. What are the prime factors of i(-8)?
17
Let b = -1 + 23. List the prime factors of b.
2, 11
Suppose 11*a - 203 = -38. What are the prime factors of a?
3, 5
Suppose 4*t = 7*t - 30. Suppose 0 = 5*m - 20, -205 = -5*x - t*m + 5*m. List the prime factors of x.
37
Let k be (-9)/15 + (-62)/5. Let p = k - -30. List the prime factors of p.
17
Suppose 3*u - 4 = x, -2*x - 2*x - 4*u - 48 = 0. List the prime factors of ((-4)/x)/(2/120).
2, 3
Suppose 20 = -3*p + 8*p. Suppose 4*s = -2*b + 10, 9*s - 5*b - 5 = p*s. List the prime factors of s.
2
Let t(v) = -2*v**3 - 6*v**2 - 5*v - 10. Let r = -27 + 23. What are the prime factors of t(r)?
2, 3, 7
Let z be (-2)/(-6) - (-22)/6. Let t = 9 - z. What are the prime factors of (3 + 0)*5/t?
3
Let l(x) = -x - x + 3*x - 5 - 2. Let v be l(7). Suppose v = -0*a - 2*a + 32. List the prime factors of a.
2
Suppose -5*d + 28 = 3*f - 4, 5*f - 5*d = 0. Suppose q = -3*k + 45, f*k = 2*k + 5*q + 30. What are the prime factors of k?
3, 5
Let r be (-3)/((-9)/(-24)) + -3. Let n = 20 + r. List the prime factors of n.
3
Let p be -27*(0 - -2 - 3). Let c be p + (-1 + 3)/2. Suppose -2 = -3*f + c. List the prime factors of f.
2, 5
Let b(q) = 22*q - 2. Let v be b(3). Let g = 104 - v. List the prime factors of g.
2, 5
Suppose 5*y + 1 = -19. Suppose -4*p + 40 = p. Let l = p + y. What are the prime factors of l?
2
Suppose -6*m + 868 = -2*m. What are the prime factors of m?
7, 31
Let b(n) = n**2 - 7*n - 15. What are the prime factors of b(14)?
83
Let h = 2 - 28. Suppose 2 = s + 2*z, 2*s + 3*z - 6 = -4. Let y = s - h. What are the prime factors of y?
2, 3
Let c(l) = -l**2 + 11*l - 8. Let o = 1 - -8. What are the prime factors of c(o)?
2, 5
Suppose -4*k + 4 = -8. Suppose k*p + 15 = 4*p. List the prime factors of p.
3, 5
Suppose -12 = 6*r - 2*r, m - 4*r - 30 = 0. List the prime factors of m.
2, 3
Suppose v - 22 = -3*q, -3*v + 15 = q - 19. Suppose -4*b = -5*l - 19, 0 = b - l - v + 4. List the prime factors of b.
11
Let v = 25 + -3. Let t = 10 - -5. Let c = v - t. List the prime factors of c.
7
Suppose -2*l - 51 = -5*l. Let v be (306/24)/((-9)/(-24)). Let k = v - l. List the prime factors of k.
17
Let u = 319 + -195. List the prime factors of u.
2, 31
Let q(n) = -3*n. What are the prime factors of q(-8)?
2, 3
Suppose 8 = 4*k - 0*k. Let r be (35/4)/(k/8). Suppose -m = 4*m - r. What are the prime factors of m?
7
Suppose 0 = -2*c + 54 + 14. What are the prime factors of c?
2, 17
What are the prime factors of 0 - -4 - (-1 + -28)?
3, 11
Let f(x) = -2*x**3 - 19*x + 3. List the prime factors of f(-5).
2, 3, 29
Suppose 4*p = 5*s + 2*p - 12, -4*s = 4*p - 4. Suppose 0*o + s*o = 24. List the prime factors of o.
2, 3
Let m(b) = 2*b. Let p be m(4). Suppose -p = 2*u - 6*u. Suppose 4 = k - u*w - 8, -k + w + 12 = 0. What are the prime factors of k?
2, 3
Let z = 13 - 9. Suppose 0 = 3*c - z*c + 17. List the prime factors of c.
17
Suppose 47 = v + 2*v - x, -66 = -4*v + 3*x. Suppose v = 4*d + d. What are the prime factors of d?
3
Let p(k) = k**2 + 4*k + 2. Let r be p(-5). Suppose -3*c + 2 = -r, 5*x - 2*c = 24. What are the prime factors of (-1 + 5)*9/x?
2, 3
Let s = -25 + 42. Let i = s + 16. What are the prime factors of i?
3, 11
Let j = 7 - -26. List the prime factors of j.
3, 11
Let i(t) = -4*t**3 + 20*t**2 - t - 29. Let x(d) = -d**3 + 5*d**2 - 7. Let q(h) = -2*i(h) + 9*x(h). What are the prime factors of q(5)?
5
Let x(c) = 4*c**2 + 15*c - 16. What are the prime factors of x(-7)?
3, 5
Suppose -2*u + 80 = -0*u - 3*f, -4*u + 204 = 5*f. What are the prime factors of u?
2, 23
List the prime factors of 6/(-8) - ((-22620)/(-16))/(-13).
2, 3
Suppose 0 = p - 5*a + 18 + 5, -4*p + 5*a - 122 = 0. Let x = p + 68. List the prime factors of x.
5, 7
Let u(c) = c**2 + 5*c - 11. List the prime factors of u(-7).
3
Let x be (-1 - 0)/(-2 - -1). Suppose h - x - 3 = 0. Suppose -4*c + 36 = 2*a, a + h*a + 4*c - 72 = 0. List the prime factors of a.
2, 3
Let o(u) = -u**3 - 5*u**2 - 3*u + 7. List the prime factors of o(-7).
2, 3, 7
Suppose 0 = -5*y - 2*r - 2, -5*y + 4*r + 0*r + 4 = 0. Suppose 5*c - 10 = -y*c, -4 = 2*l + 4*c. Let u = l + 9. What are the prime factors of u?
3
Suppose 5*t + v + 1 - 21 = 0, 4*t = 3*v - 3. Suppose -2*u + u - 60 = -t*i, -3*i = 2*u - 51. List the prime factors of i.
19
Let z(o) = -o**3 + 3*o**2 - o - 1. Let d be z(3). Le